{"id":2,"date":"2023-09-25T12:55:26","date_gmt":"2023-09-25T10:55:26","guid":{"rendered":"https:\/\/dis.hosting.acm.org\/2024\/?page_id=2"},"modified":"2024-07-03T16:20:04","modified_gmt":"2024-07-03T14:20:04","slug":"welcome","status":"publish","type":"page","link":"https:\/\/dis.acm.org\/2024\/","title":{"rendered":"ACM Conference on Designing Interactive Systems 2024"},"content":{"rendered":"\n<figure class=\"wp-block-image size-full\"><img loading=\"lazy\" decoding=\"async\" width=\"738\" height=\"322\" src=\"https:\/\/dis.acm.org\/2024\/wp-content\/uploads\/2023\/10\/logo-lge.png\" alt=\"\" class=\"wp-image-61\" srcset=\"https:\/\/dis.acm.org\/2024\/wp-content\/uploads\/2023\/10\/logo-lge.png 738w, https:\/\/dis.acm.org\/2024\/wp-content\/uploads\/2023\/10\/logo-lge-300x131.png 300w\" sizes=\"auto, (max-width: 738px) 100vw, 738px\" \/><\/figure>\n\n\n\n<p class=\"has-large-font-size\"><strong>Taking place face to face and in person*  <\/strong>at IT University, Copenhagen-DK, 1st-5th July 2024.<\/p>\n\n\n\n<p>We invite you to submit to ACM Designing Interactive Systems (DIS) 2024. This conference theme asks, \u201cwhy design?\u201d<\/p>\n\n\n\n<p>The conference chairs are Anna Vallg\u00e5rda (IT University) and Li J\u00f6nsson (Malm\u00f6 University). Our technical program committee Jonas Fritsch (IT University), Christopher Le Dantec (Northeastern University), Sarah Fdili Alaoui (LISN-Universit\u00e9 Paris Saclay).<\/p>\n\n\n\n<p class=\"has-small-font-size\"><em><a href=\"https:\/\/dis.acm.org\/2024\/attending-dis24#in-person\" data-type=\"page\" data-id=\"35\">*the conference takes place exclusively at ITU as a full in-person conference.<\/a><\/em><\/p>\n\n\n\n<div class=\"wp-block-group has-border-color has-contrast-border-color has-global-padding is-layout-constrained wp-container-core-group-is-layout-d5d53815 wp-block-group-is-layout-constrained\" style=\"border-width:2px;border-radius:0px;margin-top:0;margin-bottom:0;padding-top:var(--wp--preset--spacing--30);padding-right:var(--wp--preset--spacing--30);padding-bottom:var(--wp--preset--spacing--30);padding-left:var(--wp--preset--spacing--30)\">\n<div class=\"wp-block-group is-nowrap is-layout-flex wp-container-core-group-is-layout-6c531013 wp-block-group-is-layout-flex\">\n<p class=\"has-medium-font-size\">You can see the whole DIS24 program, paper tracks, panels and special events and even organise your own schedule using the online program<\/p>\n<\/div>\n\n\n\n<div class=\"wp-block-group is-nowrap is-layout-flex wp-container-core-group-is-layout-6c531013 wp-block-group-is-layout-flex\">\n<div class=\"wp-block-buttons is-content-justification-center is-layout-flex wp-container-core-buttons-is-layout-a89b3969 wp-block-buttons-is-layout-flex\">\n<div class=\"wp-block-button\"><a class=\"wp-block-button__link wp-element-button\" href=\"https:\/\/programs.sigchi.org\/dis\/2024\">See the DIS&#8217;24 Online Program<\/a><\/div>\n\n\n\n<div class=\"wp-block-button\"><a class=\"wp-block-button__link wp-element-button\" href=\"https:\/\/cvent.me\/RgX5Bn\"><s>Register now for DIS&#8217;24<\/s><\/a><\/div>\n<\/div>\n<\/div>\n<\/div>\n\n\n\n<p>The<strong> <a href=\"https:\/\/programs.sigchi.org\/dis\/2024\/search\/sessions?searchKey=townhall\">DIS 2024 Townhall<\/a> <\/strong>will take place in Scroll Bar at ITU in Copenhagen and online on Thursday 4 July 13:00-14:00. To participate online join us via Zoom here <a href=\"https:\/\/itucph.zoom.us\/j\/62900390022\">https:\/\/itucph.zoom.us\/j\/62900390022<\/a><\/p>\n\n\n\n<h2 class=\"wp-block-heading\">Important dates<\/h2>\n\n\n\n<figure class=\"wp-block-table\"><table class=\"has-fixed-layout\"><thead><tr><th><strong>Submissions*<\/strong><\/th><th>Deadline<\/th><th>Notifications<\/th><th>Camera Ready<\/th><\/tr><\/thead><tbody><tr><td>Abstract<\/td><td>1 Feb &#8217;24<\/td><td>18 Apr &#8217;24<\/td><td>&#8211;<\/td><\/tr><tr><td>Full paper\/ Pictorials<\/td><td>8 Feb &#8217;24<\/td><td>18 Apr &#8217;24<\/td><td>6 May &#8217;24<\/td><\/tr><tr><td>Workshops<\/td><td>22 Feb &#8217;24<\/td><td>3 May &#8217;24<\/td><td>17 May &#8217;24<\/td><\/tr><tr><td>WIP &amp; Provocation \/ Doctoral Consortium<\/td><td>14 Mar &#8217;24<\/td><td>3 May &#8217;24<\/td><td>17 May &#8217;24<\/td><\/tr><tr><td>Demotrack: Playful Experiences<\/td><td>11 Apr &#8217;24<\/td><td>3 May &#8217;24<\/td><td>17 May &#8217;24<\/td><\/tr><\/tbody><\/table><figcaption class=\"wp-element-caption\">* for 2024 there will be <strong>no extended deadlines <\/strong>for submissions<\/figcaption><\/figure>\n\n\n\n<figure class=\"wp-block-table\"><table class=\"has-fixed-layout\"><thead><tr><th><strong>Registration &amp; call<\/strong><\/th><th>Deadline<\/th><\/tr><\/thead><tbody><tr><td>Call for papers online<\/td><td><s>9 Oct &#8217;23<\/s><\/td><\/tr><tr><td>PCS Open for submissions<\/td><td><s>11 Jan &#8217;24<\/s><\/td><\/tr><tr><td>Early-bird registration ends<\/td><td><s>30 May &#8217;24<\/s><\/td><\/tr><tr><td>Online registration ends<\/td><td><s>30 June &#8217;24<\/s><\/td><\/tr><tr><td>On-site registration opens<\/td><td>1 July &#8217;24<\/td><\/tr><tr><td>Conference<\/td><td>1 &#8211; 5 July &#8217;24<\/td><\/tr><\/tbody><\/table><figcaption class=\"wp-element-caption\">Deadlines specified as&nbsp;<a href=\"https:\/\/en.wikipedia.org\/wiki\/%20Anywhere_on_Earth\">Anywhere on Earth<\/a>&nbsp;time.<\/figcaption><\/figure>\n\n\n\n<h2 class=\"wp-block-heading\"><strong>Why Design?&nbsp;<\/strong><\/h2>\n\n\n\n<p>\u201cDesign\u201d has taken on the role of a universal solution to any problem\u2014the power of design to create innovation and develop new industries has been eclipsed perhaps by only the conceit that design can save the world from the ills that innovation&nbsp; has created. \u201cDesign thinking\u201d proposes a world where design is a frame for understanding the world through the eye of a designer and, in this mode, creating&nbsp; a better one. Lost in all this is what design is for, who should do design, and why&nbsp; design matters. We ask: \u201cwhy design?\u201d not to question the value of design and its practices, but instead to prompt reflection on the role and power that design has\u2014 and may not have.&nbsp;&nbsp;<\/p>\n\n\n\n<p>In uncertain times, the relevance of design can be easily questioned. Geopolitical instability, anthropogenic climate change, and biodiversity crises may signal that the role of design is limited\u2014or possibly causal. Still, design remains fundamentally optimistic. Core to design is the idea that by making something, we can change the&nbsp; world for the better, and it contains the belief that this is possible. At the same time,&nbsp; this can be argued to be a productivist understanding of progress that renders a&nbsp; one-dimensional interpretation of how current challenges can be responded to via design. To be able to \u2018move\u2019 on requires design to respond differently to matter better in times of crisis.&nbsp;&nbsp;<\/p>\n\n\n\n<p>This conference theme asks, \u201cwhy design?\u201d In the following ways:&nbsp;<\/p>\n\n\n\n<ul class=\"wp-block-list\">\n<li>What is design good for? Where can it be used to engage with contemporary troubles?&nbsp;<\/li>\n\n\n\n<li>Who designs? What does design look like when everyone designs?&nbsp;<\/li>\n\n\n\n<li>How does design produce knowledge? How can that knowledge feed back into the troubles and uncertainties of our world?&nbsp;<\/li>\n\n\n\n<li>What kind of design strategies, methods, and approaches can be used to respond to current issues?&nbsp;<\/li>\n\n\n\n<li>How can design imagine new relations to ourselves, our societies, and the environment?&nbsp;<\/li>\n<\/ul>\n\n\n\n<p>When looking and tinkering with designerly alternatives to respond to \u201cwhy,\u201d we might not have to think of radical replacements, to start from nothing, but instead from within design to project alternatives and more livable futures.&nbsp;&nbsp;<\/p>\n\n\n\n<p>Here, realms of the less productivist and rational inherent within design, such as play, experiences, and art, could be considered as adequate resources to develop other sensibilities concerning what innovations should be made possible. Design reflects a willingness to engage with materials for serious purposes but in whimsical and emergent ways. ITU\u2019s expertise in games and play is reflected in a new track for DIS: the Play track. This track combines art, posters, and installations with a&nbsp; playful bent to produce a curated component of the conference that emphasizes the role that play can take in design practice and research.&nbsp;&nbsp;<\/p>\n\n\n\n<p>By asking, \u201cwhy design?\u201d we hope to position design as a force for transformation in times of uncertainty. We encourage submissions that reimagine or critique taken-for-granted forms of designing, as well as suggestions for undisciplined, playful,&nbsp; open, and pluriversal design approaches to respond to \u201cwhy.\u201d<\/p>\n\n\n\n<p>Taking place at IT University of Copenhagen, Denmark, July 1st-5th, 2024<br><br><a href=\"https:\/\/en.itu.dk\/\">https:\/\/en.itu.dk\/<\/a><br>IT University of Copenhagen<br>Rued Langgaards Vej 7<br>DK-2300 Copenhagen S<br>Denmark<\/p>\n\n\n\n<p><em>DIS&#8217;24 is Sponsored by Autodesk<\/em><\/p>\n\n\n\n<figure class=\"wp-block-image size-large\"><img loading=\"lazy\" decoding=\"async\" width=\"1024\" height=\"69\" src=\"https:\/\/dis.acm.org\/2024\/wp-content\/uploads\/2024\/05\/autodesk-research-logo-1line-rgb-black-1024x69.png\" alt=\"autodesk sponsor logo\" class=\"wp-image-354\" srcset=\"https:\/\/dis.acm.org\/2024\/wp-content\/uploads\/2024\/05\/autodesk-research-logo-1line-rgb-black-1024x69.png 1024w, https:\/\/dis.acm.org\/2024\/wp-content\/uploads\/2024\/05\/autodesk-research-logo-1line-rgb-black-300x20.png 300w, https:\/\/dis.acm.org\/2024\/wp-content\/uploads\/2024\/05\/autodesk-research-logo-1line-rgb-black-768x52.png 768w, https:\/\/dis.acm.org\/2024\/wp-content\/uploads\/2024\/05\/autodesk-research-logo-1line-rgb-black.png 1342w\" sizes=\"auto, (max-width: 1024px) 100vw, 1024px\" \/><\/figure>\n","protected":false},"excerpt":{"rendered":"<p>Taking place face to face and in person* at IT University, Copenhagen-DK, 1st-5th July 2024. We invite you to submit to ACM Designing Interactive Systems (DIS) 2024. This conference theme asks, \u201cwhy design?\u201d The conference chairs are Anna Vallg\u00e5rda (IT University) and Li J\u00f6nsson (Malm\u00f6 University). Our technical program committee Jonas Fritsch (IT University), Christopher [&hellip;]<\/p>\n","protected":false},"author":1,"featured_media":0,"parent":0,"menu_order":0,"comment_status":"closed","ping_status":"closed","template":"","meta":{"footnotes":""},"class_list":["post-2","page","type-page","status-publish","hentry"],"_links":{"self":[{"href":"https:\/\/dis.acm.org\/2024\/wp-json\/wp\/v2\/pages\/2","targetHints":{"allow":["GET"]}}],"collection":[{"href":"https:\/\/dis.acm.org\/2024\/wp-json\/wp\/v2\/pages"}],"about":[{"href":"https:\/\/dis.acm.org\/2024\/wp-json\/wp\/v2\/types\/page"}],"author":[{"embeddable":true,"href":"https:\/\/dis.acm.org\/2024\/wp-json\/wp\/v2\/users\/1"}],"replies":[{"embeddable":true,"href":"https:\/\/dis.acm.org\/2024\/wp-json\/wp\/v2\/comments?post=2"}],"version-history":[{"count":33,"href":"https:\/\/dis.acm.org\/2024\/wp-json\/wp\/v2\/pages\/2\/revisions"}],"predecessor-version":[{"id":418,"href":"https:\/\/dis.acm.org\/2024\/wp-json\/wp\/v2\/pages\/2\/revisions\/418"}],"wp:attachment":[{"href":"https:\/\/dis.acm.org\/2024\/wp-json\/wp\/v2\/media?parent=2"}],"curies":[{"name":"wp","href":"https:\/\/api.w.org\/{rel}","templated":true}]}}